{"id":1866,"date":"2013-10-08T09:22:18","date_gmt":"2013-10-08T09:22:18","guid":{"rendered":"http:\/\/gaia-essen.de\/?page_id=1866"},"modified":"2021-08-08T14:16:02","modified_gmt":"2021-08-08T14:16:02","slug":"polis","status":"publish","type":"page","link":"https:\/\/orexis.io\/clone_gaia-essen15-11-20\/polis\/","title":{"rendered":"Polis"},"content":{"rendered":"<div id=\"attachment_3108\" style=\"width: 310px\" class=\"wp-caption alignleft\"><a href=\"https:\/\/gaia-essen.de\/wp-content\/uploads\/2014\/04\/LilieNeu.jpg\"><img loading=\"lazy\" decoding=\"async\" aria-describedby=\"caption-attachment-3108\" class=\"wp-image-3108 size-medium\" title=\"LilieNeu\" src=\"https:\/\/gaia-essen.de\/wp-content\/uploads\/2014\/04\/LilieNeu-300x200.jpg\" alt=\"\" width=\"300\" height=\"200\" border=\"0\" srcset=\"https:\/\/orexis.io\/clone_gaia-essen15-11-20\/wp-content\/uploads\/2014\/04\/LilieNeu-300x200.jpg 300w, https:\/\/orexis.io\/clone_gaia-essen15-11-20\/wp-content\/uploads\/2014\/04\/LilieNeu-180x120.jpg 180w, https:\/\/orexis.io\/clone_gaia-essen15-11-20\/wp-content\/uploads\/2014\/04\/LilieNeu.jpg 720w\" sizes=\"auto, (max-width: 300px) 100vw, 300px\" \/><\/a><p id=\"caption-attachment-3108\" class=\"wp-caption-text\"><em>HAIKU: Lilie wei\u00df und rein | Symbol des ENSO-Kreises | St\u00fclpe um, immer! Kigan Thorix (02\/04\/17)<\/em><\/p><\/div>\n<p>(08\/08\/21, aktuell) Auch der unten aufgef\u00fchrte kurze Abriss \u00fcber die &#8216;<em>polis&#8217;\u00a0<\/em>in der Mythologie &#8220;Sonne und Erde&#8221; ist nur ein Fragment, zwar kunstrevolution\u00e4r, aber trotzdem dialektisch unendlich entwickelbar! Was kann nun weiter angef\u00fchrt werden, um unter dem Aspekt des Stadtstaates das Leben in der <em>&#8216;argo&#8217;<\/em> , in dem Raumschiff der Argonauten aufrecht zu halten, denn die statische oder staatliche Ordnung (Matrix) bedarf zu ihrer Berechtigung immer der kreativen Zerst\u00f6rung durch den chaotisierenden Dionysos, damit die Erkenntnisgemeinde auf ihrem Weg zum Menschheitsideal nicht versteinert und im Weltenmeer der Ph\u00e4nomene untergeht? (wird fortgesetzt)<\/p>\n<p>(02\/04\/17) Die <em>polis<\/em> ist eine kommunal verfasste kunstreligi\u00f6se Gemeinde. Diese zerf\u00e4llt entsprechend dem anthroposophischen Prinzip der sozialen Gliederung in drei innenpolitische Organe, denen jeweils ein au\u00dfenpolitisch wirksames Lernmodul an der Online-Universit\u00e4t zugeordnet wird.<\/p>\n<p>Jene drei \u00fcbersinnlichen Abteilungen einer organischen Gemeinschaft bilden in der Mythologie &#8220;Sonne und Erde&#8221; eine transzendentale Fraktion von &#8220;Neu-Weimar&#8221; im &#8216;Sternhaufen der Plejaden&#8217; auf dem Planeten &#8216;Ithaka&#8217;. Dieser ferne Stadtstaat ist das Abbild des von Platon intuierten Urbildes der &#8220;Politeia&#8221;, welches von Aristoteles modifiziert wurde.<\/p>\n<p>Das zyklische Kunstwerk &#8220;Erste Nation&#8221; im Reich der Naturwirklichkeit, also im Machtbereich der BRD, stellt im Zustand des Werdens diese <em>polis<\/em> ganzheitlich dar. Auf dem &#8216;Erdenplan&#8217; zerf\u00e4llt diese Ganzheit in 3 Organe, die sich gegenseitig verst\u00e4rken:<br \/>\n(a) Der kunstpraktische, poetologische Teil in ihm erhebt als anti-politische &#8220;KPD (Maoisten) &#8211; Die Aufkl\u00e4rung vollenden&#8221; (Imagination) den Anspruch, die Sinnlichkeit neu zu verteilen, wobei die einseitigen, durch nichts gerechtfertigten neo-feudalen Teilhaberschaften aufgel\u00f6st werden.<br \/>\n(b) Der kunstgeschichtliche i<span style=\"color: #333333; font-style: normal; line-height: 24px;\">st f\u00fcr die apolitische Wissenschaft zust\u00e4ndig: &#8220;GAIA &#8211; Macht braucht Kontrolle&#8221; (Inspiration). Synthetische Wissensproduktion durch genealogische Kritik.<br \/>\n(c) Der \u00e4sthetische, kunsttheoretische ist f\u00fcr die Anschauung <\/span>der Sinnlichkeit (Intuition) da: die politische Partei &#8220;Die Goetheanisten &#8211; Partei f\u00fcr Kulturgerechtigkeit&#8221;. Durch die Weisheit, die das Entwicklungsziel vorgibt, wird die gebundene Dynamik frei f\u00fcr weitere Taten.<\/p>\n<p>Die funktionale Zugeh\u00f6rigkeit der Individualit\u00e4ten in der <em>polis<\/em> ergibt sich aus dem Lebensalter und der Qualifikation der sich zu Kant und Goethe bekennenden Pers\u00f6nlichkeiten. Jeder Hauptteil der &#8220;Sozialen Plastik&#8221; (Beuys) ist einem Institut der Freien Karl-Philipp Moritz Online-Universit\u00e4t zugeordnet, an dem sie selbst als Pflichtmodul auftritt und in welches die Mitglieder eingeschrieben sein m\u00fcssen.<\/p>\n<p>Die allgemeinmenschliche Einrichtung ist auf freiwillige Unterst\u00fctzung angewiesen. Die &#8220;Goetheanistische Plattform&#8221; von &#8220;Sonne und Erde&#8221; k\u00e4mpft als Selbstbildungseinrichtung f\u00fcr die Wiederherstellung der sch\u00f6pfungsgem\u00e4\u00dfen Lebensweise, die insbesondere R\u00fccksicht auf die geistig absolut freie Individualit\u00e4t nimmt. Auch soll auf deren Zugeh\u00f6rigkeit zu den drei gro\u00dfen Lebensabschnitten geachtet werden. Es handelt sich also bei diesem avantgardistischen Unternehmen um eine Erwachsenenbildungsst\u00e4tte, wo die Selbsterziehung zur Freiheit das Hauptanliegen der damit befassten Lehrkr\u00e4fte ist.<\/p>\n<p>Darauf bezogen muss auch die Dreiteilung noch unter einem anderen Gesichtspunkt angeschaut werden. Die Individualit\u00e4t selbst kann nicht anders als monarchistisch im freien Geistesleben, im Lichtreich der transzendentalen Freiheit wahrgenommen werden. Als ein Mitglied des Goethevolkes gilt f\u00fcr sie aber der aristokratische Grundsatz von der absoluten Gleichheit vor dem Gesetz \u00fcberhaupt und als anspruchsberechtigtes in der G\u00fctergemeinschaft, im Reich der Naturwirklichkeit, der volksreligi\u00f6se, ganzheitliche, kommunistische Aspekt. (wird fortgesetzt)<br \/>\n________________________<br \/>\n1) Diese Seite wurde am 08\/08\/21 geringf\u00fcgig zur besseren Lesbarkeit ge\u00e4ndert. Sie entstand am 08\/10\/13 und wurde am 28\/03\/14, 06\/03\/17 und 02\/04\/17 erneut bearbeitet.<\/p>\n","protected":false},"excerpt":{"rendered":"<p>(08\/08\/21, aktuell) Auch der unten aufgef\u00fchrte kurze Abriss \u00fcber die &#8216;polis&#8217;\u00a0in der Mythologie &#8220;Sonne und Erde&#8221; ist nur ein Fragment,&#8230;<\/p>\n","protected":false},"author":1,"featured_media":0,"parent":0,"menu_order":18,"comment_status":"closed","ping_status":"closed","template":"","meta":{"footnotes":""},"class_list":["post-1866","page","type-page","status-publish","hentry"],"_links":{"self":[{"href":"https:\/\/orexis.io\/clone_gaia-essen15-11-20\/wp-json\/wp\/v2\/pages\/1866","targetHints":{"allow":["GET"]}}],"collection":[{"href":"https:\/\/orexis.io\/clone_gaia-essen15-11-20\/wp-json\/wp\/v2\/pages"}],"about":[{"href":"https:\/\/orexis.io\/clone_gaia-essen15-11-20\/wp-json\/wp\/v2\/types\/page"}],"author":[{"embeddable":true,"href":"https:\/\/orexis.io\/clone_gaia-essen15-11-20\/wp-json\/wp\/v2\/users\/1"}],"replies":[{"embeddable":true,"href":"https:\/\/orexis.io\/clone_gaia-essen15-11-20\/wp-json\/wp\/v2\/comments?post=1866"}],"version-history":[{"count":5,"href":"https:\/\/orexis.io\/clone_gaia-essen15-11-20\/wp-json\/wp\/v2\/pages\/1866\/revisions"}],"predecessor-version":[{"id":18636,"href":"https:\/\/orexis.io\/clone_gaia-essen15-11-20\/wp-json\/wp\/v2\/pages\/1866\/revisions\/18636"}],"wp:attachment":[{"href":"https:\/\/orexis.io\/clone_gaia-essen15-11-20\/wp-json\/wp\/v2\/media?parent=1866"}],"curies":[{"name":"wp","href":"https:\/\/api.w.org\/{rel}","templated":true}]}}