{"id":3009,"date":"2014-04-04T11:25:18","date_gmt":"2014-04-04T11:25:18","guid":{"rendered":"http:\/\/gaia-essen.de\/?page_id=3009"},"modified":"2021-08-08T09:17:29","modified_gmt":"2021-08-08T09:17:29","slug":"mehr-netto-2","status":"publish","type":"page","link":"https:\/\/orexis.io\/clone_gaia-essen15-11-20\/mehr-netto-2\/","title":{"rendered":"Mehr Netto"},"content":{"rendered":"<div id=\"attachment_17710\" style=\"width: 310px\" class=\"wp-caption alignleft\"><img loading=\"lazy\" decoding=\"async\" aria-describedby=\"caption-attachment-17710\" class=\"wp-image-17710 size-medium\" title=\"P1030188\" src=\"https:\/\/orexis.io\/clone_gaia-essen15-11-20\/wp-content\/uploads\/2020\/02\/sternIMG_20180508_140615-e1525950849223-1024x768-1-e1581879462968-300x225.jpg\" alt=\"\" width=\"300\" height=\"225\" border=\"0\" srcset=\"https:\/\/orexis.io\/clone_gaia-essen15-11-20\/wp-content\/uploads\/2020\/02\/sternIMG_20180508_140615-e1525950849223-1024x768-1-e1581879462968-300x225.jpg 300w, https:\/\/orexis.io\/clone_gaia-essen15-11-20\/wp-content\/uploads\/2020\/02\/sternIMG_20180508_140615-e1525950849223-1024x768-1-e1581879462968-768x576.jpg 768w, https:\/\/orexis.io\/clone_gaia-essen15-11-20\/wp-content\/uploads\/2020\/02\/sternIMG_20180508_140615-e1525950849223-1024x768-1-e1581879462968.jpg 1024w\" sizes=\"auto, (max-width: 300px) 100vw, 300px\" \/><p id=\"caption-attachment-17710\" class=\"wp-caption-text\">HAIKU: Roter Stern, Symbol | Blut, von der Sonne geformt | die Lilie suchend. Kigan Thorix (03\/04\/17)<\/p><\/div>\n<p><strong>(31\/07\/14, aktualisiert am 27\/02\/20)<\/strong> Rentner-innen und Lohnempf\u00e4nger-innen (Empf\u00e4nger-innen von Nominaleinkommen) haben bis heute im linksliberalen, sozialfaschistischen System keine auf gerechte Teilhabe im Wirtschaftlichen pochende eigene Vertretung. Mit der kommunalen Vorstufe (sinnlich-sichtbare W\u00e4hlergemeinschaft) der goetheanistischen KPD (Maoisten) &#8220;Mehr Netto &#8211; Mehr Freiheit&#8221; hat die politische Minderheit der produktiv T\u00e4tigen und das Ganze weiterentwickelnden Kulturtr\u00e4ger-innen nun die M\u00f6glichkeit gegen die frevelhafte Benachteiligung ihrer Individualit\u00e4t kollektiv und nachdr\u00fccklich vor Ort vorzugehen. (wird fortgesetzt)<\/p>\n<p><strong>(20\/05\/14, aktualisiert am 27\/02\/20)<\/strong> Die maoistische Initiativgruppe &#8220;Mehr\u00a0 Netto-Mehr Freiheit&#8221; als ein weiterer Zweig des uneingeschr\u00e4nkt guten Willens des Kulturimpulses &#8220;Sonne und Erde&#8221; bezieht ihre moralischen 1) Inhalte vom Areopag, der am Artemis-Institut seinen Sitz hat. Die Sammlung der sich entwickelnden kunstreligi\u00f6sen Rechtsgutachten finden Sie auf dieser Webpr\u00e4senz durch die Eingabe des Suchbegriffes &#8220;Themistes&#8221; und schlie\u00dfen es ohne Leerzeichen mit einem Doppelpunkt ab. (wird fortgesetzt)<br \/>\n_________________<br \/>\n1) Sinnlich-sittlich, verstanden im Sinne von Goethe, im Sinne von Mao zedong kunstrevolution\u00e4r, kompromisslos widerst\u00e4ndig.<\/p>\n<p><strong>(05\/04\/14, aktualisiert am 27\/02\/20)<\/strong> Mit der <span style=\"text-decoration: underline;\">apolitischen<\/span>, empirisch fassbaren W\u00e4hlerguppe &#8220;Mehr Netto &#8211; mehr Freiheit&#8221; startet der avantgardistische Versuch eine radikaldemokratische Willens\u00e4u\u00dferung auf geotheanistisch-maoistischer Basis zu entwickeln, die auf der Kulturleistung der Goethezeit und der griechischen Antike aufbaut. Die <span style=\"text-decoration: underline;\">geistliche<\/span> (moralische) F\u00fchrung der Polis wird weder der Politik im alten Sinne, noch der Wirtschaft, noch der Naturwissenschaft, noch irgendeiner offenbarungsgl\u00e4ubigen Einrichtung zugestanden. In der Forderung nach dem Primat der Kunst, wie Aischylos es vorexerziert, unter Einbeziehung der G\u00f6ttin Artemis und aller beteiligten Entelechien, ergreift diese antioligarchische Formation Partei f\u00fcr den Anteil der Anteilosen und macht damit deutlich, da\u00df in Zukunft wahre Politik nicht mehr ohne die \u00e4sthetische Erkenntniskritik der betroffenen B\u00fcrger gewollt wird, da\u00df eine gegenteilige politische Praxis einen schweren hochverr\u00e4terischen Versto\u00df gegen die heiligen Entwicklungsprinzipen des Ganzen darstellt. (wird fortgesetzt)<\/p>\n<p><strong>(04\/04\/14)<\/strong> Zur Einf\u00fchrung lesen Sie bitte auch das erste <a title=\"Mehr Netto \u2013 mehr Freiheit. Neue Partei f\u00fcr \u00c4sthetisierung im Anmarsch\" href=\"https:\/\/gaia-essen.de\/?p=2974\"><span style=\"text-decoration: underline;\">Posting.<\/span><\/a> (wird fortgesetzt)<\/p>\n","protected":false},"excerpt":{"rendered":"<p>(31\/07\/14, aktualisiert am 27\/02\/20) Rentner-innen und Lohnempf\u00e4nger-innen (Empf\u00e4nger-innen von Nominaleinkommen) haben bis heute im linksliberalen, sozialfaschistischen System keine auf gerechte&#8230;<\/p>\n","protected":false},"author":1,"featured_media":0,"parent":0,"menu_order":1,"comment_status":"closed","ping_status":"closed","template":"","meta":{"footnotes":""},"class_list":["post-3009","page","type-page","status-publish","hentry"],"_links":{"self":[{"href":"https:\/\/orexis.io\/clone_gaia-essen15-11-20\/wp-json\/wp\/v2\/pages\/3009","targetHints":{"allow":["GET"]}}],"collection":[{"href":"https:\/\/orexis.io\/clone_gaia-essen15-11-20\/wp-json\/wp\/v2\/pages"}],"about":[{"href":"https:\/\/orexis.io\/clone_gaia-essen15-11-20\/wp-json\/wp\/v2\/types\/page"}],"author":[{"embeddable":true,"href":"https:\/\/orexis.io\/clone_gaia-essen15-11-20\/wp-json\/wp\/v2\/users\/1"}],"replies":[{"embeddable":true,"href":"https:\/\/orexis.io\/clone_gaia-essen15-11-20\/wp-json\/wp\/v2\/comments?post=3009"}],"version-history":[{"count":6,"href":"https:\/\/orexis.io\/clone_gaia-essen15-11-20\/wp-json\/wp\/v2\/pages\/3009\/revisions"}],"predecessor-version":[{"id":18625,"href":"https:\/\/orexis.io\/clone_gaia-essen15-11-20\/wp-json\/wp\/v2\/pages\/3009\/revisions\/18625"}],"wp:attachment":[{"href":"https:\/\/orexis.io\/clone_gaia-essen15-11-20\/wp-json\/wp\/v2\/media?parent=3009"}],"curies":[{"name":"wp","href":"https:\/\/api.w.org\/{rel}","templated":true}]}}