{"id":46,"date":"2021-11-02T13:56:15","date_gmt":"2021-11-02T13:56:15","guid":{"rendered":"https:\/\/orexis.io\/erste-nation\/?page_id=46"},"modified":"2024-11-16T10:44:50","modified_gmt":"2024-11-16T10:44:50","slug":"programm","status":"publish","type":"page","link":"https:\/\/orexis.io\/erste-nation\/index.php\/programm\/","title":{"rendered":"Programm"},"content":{"rendered":"<p>Die &#8216;Morphogenese&#8217; des eigenen &#8216;Selbst&#8217; und seine st\u00e4ndige Anpassung an die Geschehnisse in Raum und Zeit, aber auch Bewahrung vor einer Gleichschaltung aus den Rechtsraum der Vorh\u00f6lle ist das Werk jeder einzelnen Individualit\u00e4t und verst\u00e4ndlicherweise nicht der Sozialingenieure aus der BRD-Matrix!<\/p>\n<p>Trotzdem, und das ist gerade das geisteswissenschaftliche Hauptanliegen der GAIA, m\u00fcssen auch jenseits vor aller Erfahrung die Zusammenh\u00e4nge aufgekl\u00e4rt, die theologische Landschaft erkundet werden, die im Augenblick von dem reaktion\u00e4ren Klerus und anderen Mediatoren der Oligarchie immer noch machtmissbr\u00e4uchlich verwaltet wird!<\/p>\n<p>Nun aber zu den Programminhalten, anfangsweise aufgef\u00fchrt, wie sie gerade aus der kunstreligi\u00f6sen Bewegung heraus, im Versuch <em>(Goethe)\u00a0<\/em>sich emblematisch 1) zu erkennen geben:<\/p>\n<p><strong>Kompletter Austausch der Regierungsvertreter:<\/strong> Abdankung aller Funktion\u00e4re, die ihr Amt nicht aufgrund ihrer Eignung, sondern allein durch Korruption, durch Machtausgleich oder durch kriminelle Energie erhielten, und Ersatz durch Kr\u00e4fte aus dem kunstrevolution\u00e4ren Volk nach einer demokratischen Abstimmung auf der &#8216;AGORA&#8217; oder im Zuge einer periodisch stattfindenden Versammlung auf der <em>&#8216;pnyx&#8217;. <\/em>(wird fortgesetzt)<br \/>\n<em>(at work)<\/em><br \/>\n____________________________________<br \/>\n1) Emblematisch, weil jeder Programminhalt sinnbildhaft und bezeichnend das dialektische Motto der Mythologie Sonne und Erde wie eine kunstvolle Einlegearbeit wiedergibt! Das &#8216;<em>revirement&#8217; <\/em>steht dabei f\u00fcr die politischen Tatsachen, die durch Machtmissbrauch entstanden sind und als Teil f\u00fcr die moralische Evolution des Ganzen!<\/p>\n<p>Henryk Dykier. Copyright (C)! Alle Rechte vorbehalten!<\/p>\n","protected":false},"excerpt":{"rendered":"<p>Die &#8216;Morphogenese&#8217; des eigenen &#8216;Selbst&#8217; und seine st\u00e4ndige Anpassung an die Geschehnisse in Raum und Zeit, aber auch Bewahrung vor einer Gleichschaltung aus den Rechtsraum der Vorh\u00f6lle ist das Werk jeder einzelnen Individualit\u00e4t und verst\u00e4ndlicherweise nicht der Sozialingenieure aus der &hellip; <a href=\"https:\/\/orexis.io\/erste-nation\/index.php\/programm\/\">Continue reading <span class=\"meta-nav\">&rarr;<\/span><\/a><\/p>\n","protected":false},"author":1,"featured_media":0,"parent":0,"menu_order":0,"comment_status":"closed","ping_status":"closed","template":"","meta":{"advanced_seo_description":"","jetpack_seo_html_title":"","jetpack_seo_noindex":false,"footnotes":""},"class_list":["post-46","page","type-page","status-publish","hentry"],"jetpack-related-posts":[],"jetpack_sharing_enabled":true,"jetpack_likes_enabled":true,"_links":{"self":[{"href":"https:\/\/orexis.io\/erste-nation\/index.php\/wp-json\/wp\/v2\/pages\/46","targetHints":{"allow":["GET"]}}],"collection":[{"href":"https:\/\/orexis.io\/erste-nation\/index.php\/wp-json\/wp\/v2\/pages"}],"about":[{"href":"https:\/\/orexis.io\/erste-nation\/index.php\/wp-json\/wp\/v2\/types\/page"}],"author":[{"embeddable":true,"href":"https:\/\/orexis.io\/erste-nation\/index.php\/wp-json\/wp\/v2\/users\/1"}],"replies":[{"embeddable":true,"href":"https:\/\/orexis.io\/erste-nation\/index.php\/wp-json\/wp\/v2\/comments?post=46"}],"version-history":[{"count":5,"href":"https:\/\/orexis.io\/erste-nation\/index.php\/wp-json\/wp\/v2\/pages\/46\/revisions"}],"predecessor-version":[{"id":80,"href":"https:\/\/orexis.io\/erste-nation\/index.php\/wp-json\/wp\/v2\/pages\/46\/revisions\/80"}],"wp:attachment":[{"href":"https:\/\/orexis.io\/erste-nation\/index.php\/wp-json\/wp\/v2\/media?parent=46"}],"curies":[{"name":"wp","href":"https:\/\/api.w.org\/{rel}","templated":true}]}}