{"id":44,"date":"2011-07-06T10:57:31","date_gmt":"2011-07-06T10:57:31","guid":{"rendered":"http:\/\/evolutionscafe.de\/?page_id=44"},"modified":"2026-02-14T18:36:50","modified_gmt":"2026-02-14T18:36:50","slug":"amt-fur-kultur","status":"publish","type":"page","link":"https:\/\/orexis.io\/evolutionscafe\/?page_id=44","title":{"rendered":"Amt f\u00fcr Ich-Inh\u00e4renz"},"content":{"rendered":"<p><strong>Zusammenfassung<\/strong><br \/>\nDieser Text entwirft eine vision\u00e4re Gesellschaftsform, in der die\u00a0<strong>radikale Mitbestimmung<\/strong> durch die Aus\u00fcbung des sogenannten &#8220;Amtes f\u00fcr Ich-Inh\u00e4renz\u201c zur b\u00fcrgerlichen Pflicht erhoben wird. Die Teilhabenden sind aufgerufen, durch <strong>angewandte Poesie<\/strong>\u00a0und individuelle Sch\u00f6pferkraft eine st\u00e4ndige\u00a0<strong>kulturelle Erneuerung<\/strong>\u00a0voranzutreiben, die \u00fcber rein administrative oder moralische Zw\u00e4nge<\/p>\n<p style=\"text-align: center;\"><strong style=\"text-align: center;\">Podcast des poetologischen Fragmentes im Stil einer Rezension<br \/>\n<\/strong>Angewandte Poesie im Amt f\u00fcr Ich-Inh\u00e4renz<\/p>\n<audio class=\"wp-audio-shortcode\" id=\"audio-44-1\" preload=\"none\" style=\"width: 100%;\" controls=\"controls\"><source type=\"audio\/mpeg\" src=\"https:\/\/orexis.io\/evolutionscafe\/wp-content\/uploads\/2026\/02\/Angewandte_Poesie_im_Amt_fur_Ich-Inharenz.m4a?_=1\" \/><a href=\"https:\/\/orexis.io\/evolutionscafe\/wp-content\/uploads\/2026\/02\/Angewandte_Poesie_im_Amt_fur_Ich-Inharenz.m4a\">https:\/\/orexis.io\/evolutionscafe\/wp-content\/uploads\/2026\/02\/Angewandte_Poesie_im_Amt_fur_Ich-Inharenz.m4a<\/a><\/audio>\n<p>hinausgeht. Dabei dient die\u00a0<strong>sch\u00f6pferische Metamorphose<\/strong> klassischer Bildungsideale als Werkzeug, um das menschliche Selbstbild im Sinne einer &#8220;Sozialen Plastik\u201c kontinuierlich weiterzuentwickeln. Ziel ist eine <strong>spirituelle Souver\u00e4nit\u00e4t<\/strong>, die das Erbe der Vergangenheit nicht nur bewahrt, sondern es in einem andauernden revolution\u00e4ren Prozess lebendig umgestaltet. (14\/02\/26, KI-generiert)<\/p>\n<hr \/>\n<p>(05\/06\/17)<\/p>\n<p style=\"text-align: center;\"><strong>Poetologisches Fragment<br \/>\n<\/strong>Manifest der Sozialen Plastik und permanenten Kulturrevolution<\/p>\n<p><em>Faust:<\/em> &#8220;Das &#8216;Amt f\u00fcr Ich-Inh\u00e4renz&#8217; wird &#8216;radikaldemokratisch&#8217; von allen B\u00fcrger-innen der &#8216;Polis&#8217; ausge\u00fcbt. Keine administrative, moralische oder wirtschaftliche Gewalt hindert sie daran die wesenhaft erforderliche Umstrukturierung im Bereich der Merkmale der<\/p>\n<p style=\"text-align: center;\"><strong>Video des poetologischen Fragmentes im Stil einer Rezension<\/strong><\/p>\n<div style=\"width: 640px;\" class=\"wp-video\"><video class=\"wp-video-shortcode\" id=\"video-44-1\" width=\"640\" height=\"360\" preload=\"metadata\" controls=\"controls\"><source type=\"video\/mp4\" src=\"https:\/\/orexis.io\/evolutionscafe\/wp-content\/uploads\/2026\/02\/Eine_permanente_Revolution.mp4?_=1\" \/><a href=\"https:\/\/orexis.io\/evolutionscafe\/wp-content\/uploads\/2026\/02\/Eine_permanente_Revolution.mp4\">https:\/\/orexis.io\/evolutionscafe\/wp-content\/uploads\/2026\/02\/Eine_permanente_Revolution.mp4<\/a><\/video><\/div>\n<p>&#8216;Sozialen Plastik&#8217; vorzunehmen. Hierf\u00fcr beinhaltet die &#8216;Allgemeine Symbolik&#8217; das Attribut des &#8216;Quadrates der unbekannten Herzog-in&#8217;, welches jeder transzendentalen Figur des an die &#8216;Neue Mythologie&#8217; glaubenden &#8216;Goethevolkes&#8217; das Recht zur spontanen Setzung einr\u00e4umt.<\/p>\n<p>(28\/05\/14) Kunstreligi\u00f6se Ehrfurcht vor den kulturellen Tatsachen unserer geistigen Vorfahren ist die eine Seite, die begriffliche Durchdringung, die Identifizierung mit ihnen und die eigenst\u00e4ndige, individuelle Verwirklichung, Metamorphose des Wesens der G\u00fcter in der besonderen Form, entsprechend unserem Lebensplan, ist die andere Seite. Die Strateg-in, der Stratege \u00fcbt als Individualit\u00e4t das Amt f\u00fcr angewandte Poesie 1) selbstverantwortlich aus, indem sie f\u00fcr die permanente Kulturrevolution, f\u00fcr die andauernde Wiedergeburt der androgynen Gottheit <em>(Dionysos)<\/em> 2), f\u00fcr die unaufh\u00f6rliche Weiterentwicklung des sch\u00f6pfungsgem\u00e4\u00dfen Menschenbildes im Sinne von <em>Kant<\/em> und <em>Goethe<\/em> k\u00e4mpfen, die in unseren Kulturleistungen anschaubar sind.&#8221; (wird fortgesetzt)<br \/>\n___________________<br \/>\n<strong>\u00c4nderungen<\/strong><br \/>\n1) &#8216;Angewandte Ethik&#8217; wurde in &#8216;angewandte Poesie&#8217; umbenannt. (05\/06\/17)<br \/>\n2) Die androgyne Gottheit wurde mit dem Zusatz &#8216;Dionysos&#8217; n\u00e4her bestimmt. (05\/06\/17)<\/p>\n","protected":false},"excerpt":{"rendered":"<p>Zusammenfassung Dieser Text entwirft eine vision\u00e4re Gesellschaftsform, in der die\u00a0radikale Mitbestimmung durch die Aus\u00fcbung des sogenannten &#8220;Amtes f\u00fcr Ich-Inh\u00e4renz\u201c zur b\u00fcrgerlichen Pflicht erhoben wird. Die Teilhabenden sind aufgerufen, durch angewandte Poesie\u00a0und individuelle Sch\u00f6pferkraft eine st\u00e4ndige\u00a0kulturelle Erneuerung\u00a0voranzutreiben, die \u00fcber rein administrative &hellip; <a href=\"https:\/\/orexis.io\/evolutionscafe\/?page_id=44\">Continue reading <span class=\"meta-nav\">&rarr;<\/span><\/a><\/p>\n","protected":false},"author":2,"featured_media":0,"parent":0,"menu_order":0,"comment_status":"closed","ping_status":"closed","template":"","meta":{"footnotes":""},"class_list":["post-44","page","type-page","status-publish","hentry"],"_links":{"self":[{"href":"https:\/\/orexis.io\/evolutionscafe\/index.php?rest_route=\/wp\/v2\/pages\/44","targetHints":{"allow":["GET"]}}],"collection":[{"href":"https:\/\/orexis.io\/evolutionscafe\/index.php?rest_route=\/wp\/v2\/pages"}],"about":[{"href":"https:\/\/orexis.io\/evolutionscafe\/index.php?rest_route=\/wp\/v2\/types\/page"}],"author":[{"embeddable":true,"href":"https:\/\/orexis.io\/evolutionscafe\/index.php?rest_route=\/wp\/v2\/users\/2"}],"replies":[{"embeddable":true,"href":"https:\/\/orexis.io\/evolutionscafe\/index.php?rest_route=%2Fwp%2Fv2%2Fcomments&post=44"}],"version-history":[{"count":7,"href":"https:\/\/orexis.io\/evolutionscafe\/index.php?rest_route=\/wp\/v2\/pages\/44\/revisions"}],"predecessor-version":[{"id":556,"href":"https:\/\/orexis.io\/evolutionscafe\/index.php?rest_route=\/wp\/v2\/pages\/44\/revisions\/556"}],"wp:attachment":[{"href":"https:\/\/orexis.io\/evolutionscafe\/index.php?rest_route=%2Fwp%2Fv2%2Fmedia&parent=44"}],"curies":[{"name":"wp","href":"https:\/\/api.w.org\/{rel}","templated":true}]}}

Amt für Ich-Inhärenz

<p><strong>Zusammenfassung</strong><br />
Dieser Text entwirft eine visionäre Gesellschaftsform, in der die <strong>radikale Mitbestimmung</strong> durch die Ausübung des sogenannten &#8220;Amtes für Ich-Inhärenz“ zur bürgerlichen Pflicht erhoben wird. Die Teilhabenden sind aufgerufen, durch <strong>angewandte Poesie</strong> und individuelle Schöpferkraft eine ständige <strong>kulturelle Erneuerung</strong> voranzutreiben, die über rein administrative oder moralische Zwänge</p>
<p style="text-align: center;"><strong style="text-align: center;">Podcast des poetologischen Fragmentes im Stil einer Rezension<br />
</strong>Angewandte Poesie im Amt für Ich-Inhärenz</p>
<audio class="wp-audio-shortcode" id="audio-44-1" preload="none" style="width: 100%;" controls="controls"><source type="audio/mpeg" src="https://orexis.io/evolutionscafe/wp-content/uploads/2026/02/Angewandte_Poesie_im_Amt_fur_Ich-Inharenz.m4a?_=1" /><a href="https://orexis.io/evolutionscafe/wp-content/uploads/2026/02/Angewandte_Poesie_im_Amt_fur_Ich-Inharenz.m4a">https://orexis.io/evolutionscafe/wp-content/uploads/2026/02/Angewandte_Poesie_im_Amt_fur_Ich-Inharenz.m4a</a></audio>
<p>hinausgeht. Dabei dient die <strong>schöpferische Metamorphose</strong> klassischer Bildungsideale als Werkzeug, um das menschliche Selbstbild im Sinne einer &#8220;Sozialen Plastik“ kontinuierlich weiterzuentwickeln. Ziel ist eine <strong>spirituelle Souveränität</strong>, die das Erbe der Vergangenheit nicht nur bewahrt, sondern es in einem andauernden revolutionären Prozess lebendig umgestaltet. (14/02/26, KI-generiert)</p>
<hr />
<p>(05/06/17)</p>
<p style="text-align: center;"><strong>Poetologisches Fragment<br />
</strong>Manifest der Sozialen Plastik und permanenten Kulturrevolution</p>
<p><em>Faust:</em> &#8220;Das &#8216;Amt für Ich-Inhärenz&#8217; wird &#8216;radikaldemokratisch&#8217; von allen Bürger-innen der &#8216;Polis&#8217; ausgeübt. Keine administrative, moralische oder wirtschaftliche Gewalt hindert sie daran die wesenhaft erforderliche Umstrukturierung im Bereich der Merkmale der</p>
<p style="text-align: center;"><strong>Video des poetologischen Fragmentes im Stil einer Rezension</strong></p>
<div style="width: 640px;" class="wp-video"><video class="wp-video-shortcode" id="video-44-1" width="640" height="360" preload="metadata" controls="controls"><source type="video/mp4" src="https://orexis.io/evolutionscafe/wp-content/uploads/2026/02/Eine_permanente_Revolution.mp4?_=1" /><a href="https://orexis.io/evolutionscafe/wp-content/uploads/2026/02/Eine_permanente_Revolution.mp4">https://orexis.io/evolutionscafe/wp-content/uploads/2026/02/Eine_permanente_Revolution.mp4</a></video></div>
<p>&#8216;Sozialen Plastik&#8217; vorzunehmen. Hierfür beinhaltet die &#8216;Allgemeine Symbolik&#8217; das Attribut des &#8216;Quadrates der unbekannten Herzog-in&#8217;, welches jeder transzendentalen Figur des an die &#8216;Neue Mythologie&#8217; glaubenden &#8216;Goethevolkes&#8217; das Recht zur spontanen Setzung einräumt.</p>
<p>(28/05/14) Kunstreligiöse Ehrfurcht vor den kulturellen Tatsachen unserer geistigen Vorfahren ist die eine Seite, die begriffliche Durchdringung, die Identifizierung mit ihnen und die eigenständige, individuelle Verwirklichung, Metamorphose des Wesens der Güter in der besonderen Form, entsprechend unserem Lebensplan, ist die andere Seite. Die Strateg-in, der Stratege übt als Individualität das Amt für angewandte Poesie 1) selbstverantwortlich aus, indem sie für die permanente Kulturrevolution, für die andauernde Wiedergeburt der androgynen Gottheit <em>(Dionysos)</em> 2), für die unaufhörliche Weiterentwicklung des schöpfungsgemäßen Menschenbildes im Sinne von <em>Kant</em> und <em>Goethe</em> kämpfen, die in unseren Kulturleistungen anschaubar sind.&#8221; (wird fortgesetzt)<br />
___________________<br />
<strong>Änderungen</strong><br />
1) &#8216;Angewandte Ethik&#8217; wurde in &#8216;angewandte Poesie&#8217; umbenannt. (05/06/17)<br />
2) Die androgyne Gottheit wurde mit dem Zusatz &#8216;Dionysos&#8217; näher bestimmt. (05/06/17)</p>

<p>Zusammenfassung Dieser Text entwirft eine visionäre Gesellschaftsform, in der die radikale Mitbestimmung durch die Ausübung des sogenannten &#8220;Amtes für Ich-Inhärenz“ zur bürgerlichen Pflicht erhoben wird. Die Teilhabenden sind aufgerufen, durch angewandte Poesie und individuelle Schöpferkraft eine ständige kulturelle Erneuerung voranzutreiben, die über rein administrative &hellip; <a href="https://orexis.io/evolutionscafe/?page_id=44">Continue reading <span class="meta-nav">&rarr;</span></a></p>
