{"id":363,"date":"2013-10-11T21:12:59","date_gmt":"2013-10-11T21:12:59","guid":{"rendered":"http:\/\/fryheit.de\/?page_id=363"},"modified":"2013-10-11T21:12:59","modified_gmt":"2013-10-11T21:12:59","slug":"artemision","status":"publish","type":"page","link":"https:\/\/orexis.io\/fryheit\/?page_id=363","title":{"rendered":"Artemision"},"content":{"rendered":"<p>26\/10\/15<br \/>\nIm Artemision wird der geistig absolut freien Individualit\u00e4t, die von sogenannter Abtreibung, entfremdender Arbeit, menschenunw\u00fcrdiger politischer Korrektheit, Folter und Versklavung bedroht ist, ein Dauerasyl bereitgestellt. So war es in der Antike und so wird es demn\u00e4chst auch in der Kommune der Stadt Essen (Deutschland) wieder sein. Die erste Periagoge wird sie mitenthalten. Das Artemision steht f\u00fcr das Paradox (Zen) der Einheit der Gegens\u00e4tze, der Einheit von Monotheismus und Polytheismus, von Idee und rationalen Prinzipien in der Erfahrung. Die G\u00f6ttin Artemis ist die Schutzherrin der entgrenzenden, subversiven Kunsttheorie, die auf die individuelle Erkenntnis angewandt wird..<br \/>\n27\/05\/14<br \/>\nAuch das Artemision ist eine Einrichtung die am Institut der Propyl\u00e4en metaphysisch im Sinne von Kant analytisch erkannt wird. Jede Polis hat ihr eigenes Heiligtum, wo die weibliche Gottheit Artemis, ihre Aspekte Selene und Dike, ihre Nymphen und die Titanide Themis verehrt werden. Mit einer eigenen <a href=\"https:\/\/myartemision.wordpress.com\/\"><span style=\"text-decoration: underline;\">Webpr\u00e4senz im Netz<\/span><\/a> ist sie auch direkt erreichbar. Dort befinden sich auch n\u00e4herer Angaben zum Bauverein. Am Artemision selbst ist der Areopag zu finden. Von Zeit zu Zeit werden hier auch Querverweise zu Impulsfragmenten, Seminaren oder Veranstaltungen zu finden sein.<\/p>\n","protected":false},"excerpt":{"rendered":"<p>26\/10\/15 Im Artemision wird der geistig absolut freien Individualit\u00e4t, die von sogenannter Abtreibung, entfremdender Arbeit, menschenunw\u00fcrdiger politischer Korrektheit, Folter und Versklavung bedroht ist, ein Dauerasyl bereitgestellt. So war es in der Antike und so wird es demn\u00e4chst auch in der &hellip; <a href=\"https:\/\/orexis.io\/fryheit\/?page_id=363\">Continue reading <span class=\"meta-nav\">&rarr;<\/span><\/a><\/p>\n","protected":false},"author":1,"featured_media":0,"parent":0,"menu_order":0,"comment_status":"closed","ping_status":"closed","template":"","meta":{"footnotes":""},"class_list":["post-363","page","type-page","status-publish","hentry"],"_links":{"self":[{"href":"https:\/\/orexis.io\/fryheit\/index.php?rest_route=\/wp\/v2\/pages\/363","targetHints":{"allow":["GET"]}}],"collection":[{"href":"https:\/\/orexis.io\/fryheit\/index.php?rest_route=\/wp\/v2\/pages"}],"about":[{"href":"https:\/\/orexis.io\/fryheit\/index.php?rest_route=\/wp\/v2\/types\/page"}],"author":[{"embeddable":true,"href":"https:\/\/orexis.io\/fryheit\/index.php?rest_route=\/wp\/v2\/users\/1"}],"replies":[{"embeddable":true,"href":"https:\/\/orexis.io\/fryheit\/index.php?rest_route=%2Fwp%2Fv2%2Fcomments&post=363"}],"version-history":[{"count":0,"href":"https:\/\/orexis.io\/fryheit\/index.php?rest_route=\/wp\/v2\/pages\/363\/revisions"}],"wp:attachment":[{"href":"https:\/\/orexis.io\/fryheit\/index.php?rest_route=%2Fwp%2Fv2%2Fmedia&parent=363"}],"curies":[{"name":"wp","href":"https:\/\/api.w.org\/{rel}","templated":true}]}}