{"id":13437,"date":"2015-09-19T15:56:39","date_gmt":"2015-09-19T15:56:39","guid":{"rendered":"https:\/\/gaia-essen.de\/?page_id=9687"},"modified":"2020-02-18T20:02:53","modified_gmt":"2020-02-18T20:02:53","slug":"areopag-2","status":"publish","type":"page","link":"https:\/\/orexis.io\/gaia-essen\/areopag-2\/","title":{"rendered":"&#8216;Rath der Volksbeauftragten&#8217;"},"content":{"rendered":"<p>Inhaltsangabe: <strong>(1)<\/strong> &#8216;<em>areopag&#8217;,<\/em> <strong>(2)<\/strong> Kurzeinf\u00fchrung, <strong>(3)<\/strong> Links zu weiterf\u00fchreden &#8216;Impulsfragmenten&#8217;.<\/p>\n<p>(14\/06\/18) <strong>(1) &#8216;<\/strong><em><strong>areopag&#8217;:<\/strong><\/em> Um der &#8216;verfassungsgebenden Versammlung&#8217; auch einen Namen zu geben, der sie \u00e4sthetisch noch weiter aufwertet, der ihre Erhabenheit noch mehr herausstellt, der sie auch zu einem Teil der Mythologie macht, wird sie nun in den archaischen Kontext gestellt, mehr noch, sie wird in die &#8216;hyletische Transzendenz&#8217; verbracht, wo das Mythologem des <em>&#8216;areopages&#8217;<\/em> sich schon vollkommen materialisiert hat, in die Plejaden. Der <em>&#8216;areopag&#8217;<\/em> ist also die st\u00e4ndige Versammlung der verfassungsgebenden <em>&#8216;archontes&#8217;.<\/em> Dieser &#8216;Hohe Rath&#8217; hat aber im Gegensatz zu den &#8216;Volksbeauftragen&#8217; eine ewig g\u00fcltige Verfassung vor sich liegen, w\u00e4hrend jene diese in der Performance Art der &#8216;Argonautik&#8217; erst in unz\u00e4hligen K\u00e4mpfen und nach einer unbeschreiblich langen Zeitdauer erringen m\u00fcssen. Eben deshalb ist gerade nur dort ein direkter Kontakt mit der Titaniden <em>Themis<\/em> m\u00f6glich. Hier auf der Erde k\u00f6nnen mit der jeweiligen Erkenntnisidee <em>(entelechie)<\/em> der dazu in einem noch hervorzubringenden Verfahren gew\u00e4hlten &#8216;Radikaldemokraten&#8217; der &#8216;<em>polis&#8217;<\/em> blo\u00df Verfassungsgrunds\u00e4tze aus jenem Sektor der Milchstra\u00dfe \u00fcbermittelt werden, die so lebendig bleiben m\u00fcssen wie die &#8216;Politen&#8217; der &#8220;Sozialen Plastik&#8221; <em>(Beuys)<\/em> des &#8216;\u00e4sthetischen Stadtstaates&#8217; es sind. Diese absolut selbstlosen &#8216;Volksbeauftragten&#8217; sind Priester-innen der G\u00f6ttin <em>Dike<\/em>. Auch sie sind in einem &#8216;Wachsamkeitskomitee&#8217; organisiert. Das Wesen der <em>&#8216;polis&#8217;<\/em> gibt die Themenbereiche vor, die dann die Anzahl der &#8216;Erkenntnisgemeinschaften&#8217; hervorbringen. (wird fortgesetzt)<\/p>\n<p>(19\/09\/15) <strong>(2) Kurzeinf\u00fchrung:<\/strong> Die durch einen Putsch an die Macht gekommene Funktionselite der &#8216;Milit\u00e4rverwaltung&#8217; im ehemaligen Deutschland bringt nur noch Lippenbekenntnisse in Bezug auf das &#8216;Milit\u00e4rgrundgesetz&#8217; zustande, da sie es faktisch au\u00dfer Kraft gesetzt hat. Politisch marginalisiert ist nur noch der ehemalige Adressat des obersten Regelwerkes \u00fcbriggeblieben: das indigene &#8216;Goethevolk&#8217; im transzendentalen &#8216;Raum der absoluten Zwecke an sich&#8217;. Mittlerweile haben sich Pers\u00f6nlichkeiten zusammengefunden, die diesem frevelhaften Zustand ein Ende bereiten wollen. Sie greifen sich die f\u00fcr die kommende Kulturrevolution wichtigsten freiheitsrelevanten Punkte heraus. Neben der absoluten Menschenw\u00fcrde, der Freiheit f\u00fcr Wissenschaft und Kunst, dem Widerstandsparagraphen ist f\u00fcr die GAIA noch das Gebot zur Schaffung einer <span style=\"text-decoration: underline;\">verfassungsgebenden Versammlung<\/span> 1) von Bedeutung. Die kommunale W\u00e4hlergruppe in der Stadt Essen \u201eMehr Netto-Mehr Freiheit&#8221; nimmt sich gerade dieser Thematik an. (wird fortgesetzt)<br \/>\n_________________________________<br \/>\n1) Der Link zum Facebook-Account der gleichnamigen Gruppe mu\u00dfte herausgenommen werden, da der Zugang gesperrt war. M\u00f6glicherweise hat der Heiko, unser &#8220;Justizminister&#8221; das grundgesetzlich gesch\u00fctzte kunstreligi\u00f6se Recht auf eine \u00e4sthetisch autonome Entwicklung der <em>&#8216;polis&#8217;<\/em> durch die totalexistierende Individualit\u00e4t suspendiert. An einer Ersatzl\u00f6sung im Web wird gearbeitet. 1)<\/p>\n<p><strong>Impulsfragmente (3):<\/strong><br \/>\n(25\/02\/18) Komm auch Du zu uns! (IV) (mit einem Video \u00fcber den Kinderraub durch das BRD-Regime) <a href=\"https:\/\/orexis.io\/gaia-essen\/komm-auch-du-zu-uns-iv-mit-einem-video-uber-den-kinderraub-durch-das-brd-regime\/\">&gt;&gt;<\/a><br \/>\n(29\/02\/16) Was hat das Recht f\u00fcr eine Aufgabe innerhalb des &#8216;Ganzen&#8217; einer <em>polis?<\/em> <a href=\"https:\/\/gaia-essen.de\/was-hat-das-recht-fuer-eine-aufgabe-innerhalb-des-ganzen-einer-polis\/\">&gt;&gt;<\/a><br \/>\n(20\/01\/16) &#8216;Rat der Volksbeauftragten&#8217; <a href=\"https:\/\/gaia-essen.de\/rat-der-volksbeauftragten\/\">&gt;&gt;<\/a><br \/>\n____________________<br \/>\n1) Folgende \u00c4nderungen wurden am 18\/02\/20 durchgef\u00fchrt: (a) dem Wort &#8220;Entwicklung&#8221; wurde &#8220;\u00e4sthetisch autonom&#8221; hinzugef\u00fcgt und hinter dem Wort &#8220;polis&#8221; der Teilsatz &#8220;durch die totalexistierende Individualit\u00e4t&#8221;.<\/p>\n","protected":false},"excerpt":{"rendered":"<p>Inhaltsangabe: (1) &#8216;areopag&#8217;, (2) Kurzeinf\u00fchrung, (3) Links zu weiterf\u00fchreden &#8216;Impulsfragmenten&#8217;. (14\/06\/18) (1) &#8216;areopag&#8217;: Um der &#8216;verfassungsgebenden Versammlung&#8217; auch einen Namen&#8230;<\/p>\n","protected":false},"author":3,"featured_media":0,"parent":0,"menu_order":0,"comment_status":"closed","ping_status":"closed","template":"","meta":{"footnotes":""},"class_list":["post-13437","page","type-page","status-publish","hentry"],"_links":{"self":[{"href":"https:\/\/orexis.io\/gaia-essen\/wp-json\/wp\/v2\/pages\/13437","targetHints":{"allow":["GET"]}}],"collection":[{"href":"https:\/\/orexis.io\/gaia-essen\/wp-json\/wp\/v2\/pages"}],"about":[{"href":"https:\/\/orexis.io\/gaia-essen\/wp-json\/wp\/v2\/types\/page"}],"author":[{"embeddable":true,"href":"https:\/\/orexis.io\/gaia-essen\/wp-json\/wp\/v2\/users\/3"}],"replies":[{"embeddable":true,"href":"https:\/\/orexis.io\/gaia-essen\/wp-json\/wp\/v2\/comments?post=13437"}],"version-history":[{"count":4,"href":"https:\/\/orexis.io\/gaia-essen\/wp-json\/wp\/v2\/pages\/13437\/revisions"}],"predecessor-version":[{"id":17742,"href":"https:\/\/orexis.io\/gaia-essen\/wp-json\/wp\/v2\/pages\/13437\/revisions\/17742"}],"wp:attachment":[{"href":"https:\/\/orexis.io\/gaia-essen\/wp-json\/wp\/v2\/media?parent=13437"}],"curies":[{"name":"wp","href":"https:\/\/api.w.org\/{rel}","templated":true}]}}

<p>Inhaltsangabe: <strong>(1)</strong> &#8216;<em>areopag&#8217;,</em> <strong>(2)</strong> Kurzeinführung, <strong>(3)</strong> Links zu weiterführeden &#8216;Impulsfragmenten&#8217;.</p>
<p>(14/06/18) <strong>(1) &#8216;</strong><em><strong>areopag&#8217;:</strong></em> Um der &#8216;verfassungsgebenden Versammlung&#8217; auch einen Namen zu geben, der sie ästhetisch noch weiter aufwertet, der ihre Erhabenheit noch mehr herausstellt, der sie auch zu einem Teil der Mythologie macht, wird sie nun in den archaischen Kontext gestellt, mehr noch, sie wird in die &#8216;hyletische Transzendenz&#8217; verbracht, wo das Mythologem des <em>&#8216;areopages&#8217;</em> sich schon vollkommen materialisiert hat, in die Plejaden. Der <em>&#8216;areopag&#8217;</em> ist also die ständige Versammlung der verfassungsgebenden <em>&#8216;archontes&#8217;.</em> Dieser &#8216;Hohe Rath&#8217; hat aber im Gegensatz zu den &#8216;Volksbeauftragen&#8217; eine ewig gültige Verfassung vor sich liegen, während jene diese in der Performance Art der &#8216;Argonautik&#8217; erst in unzähligen Kämpfen und nach einer unbeschreiblich langen Zeitdauer erringen müssen. Eben deshalb ist gerade nur dort ein direkter Kontakt mit der Titaniden <em>Themis</em> möglich. Hier auf der Erde können mit der jeweiligen Erkenntnisidee <em>(entelechie)</em> der dazu in einem noch hervorzubringenden Verfahren gewählten &#8216;Radikaldemokraten&#8217; der &#8216;<em>polis&#8217;</em> bloß Verfassungsgrundsätze aus jenem Sektor der Milchstraße übermittelt werden, die so lebendig bleiben müssen wie die &#8216;Politen&#8217; der &#8220;Sozialen Plastik&#8221; <em>(Beuys)</em> des &#8216;ästhetischen Stadtstaates&#8217; es sind. Diese absolut selbstlosen &#8216;Volksbeauftragten&#8217; sind Priester-innen der Göttin <em>Dike</em>. Auch sie sind in einem &#8216;Wachsamkeitskomitee&#8217; organisiert. Das Wesen der <em>&#8216;polis&#8217;</em> gibt die Themenbereiche vor, die dann die Anzahl der &#8216;Erkenntnisgemeinschaften&#8217; hervorbringen. (wird fortgesetzt)</p>
<p>(19/09/15) <strong>(2) Kurzeinführung:</strong> Die durch einen Putsch an die Macht gekommene Funktionselite der &#8216;Militärverwaltung&#8217; im ehemaligen Deutschland bringt nur noch Lippenbekenntnisse in Bezug auf das &#8216;Militärgrundgesetz&#8217; zustande, da sie es faktisch außer Kraft gesetzt hat. Politisch marginalisiert ist nur noch der ehemalige Adressat des obersten Regelwerkes übriggeblieben: das indigene &#8216;Goethevolk&#8217; im transzendentalen &#8216;Raum der absoluten Zwecke an sich&#8217;. Mittlerweile haben sich Persönlichkeiten zusammengefunden, die diesem frevelhaften Zustand ein Ende bereiten wollen. Sie greifen sich die für die kommende Kulturrevolution wichtigsten freiheitsrelevanten Punkte heraus. Neben der absoluten Menschenwürde, der Freiheit für Wissenschaft und Kunst, dem Widerstandsparagraphen ist für die GAIA noch das Gebot zur Schaffung einer <span style="text-decoration: underline;">verfassungsgebenden Versammlung</span> 1) von Bedeutung. Die kommunale Wählergruppe in der Stadt Essen „Mehr Netto-Mehr Freiheit&#8221; nimmt sich gerade dieser Thematik an. (wird fortgesetzt)<br />
_________________________________<br />
1) Der Link zum Facebook-Account der gleichnamigen Gruppe mußte herausgenommen werden, da der Zugang gesperrt war. Möglicherweise hat der Heiko, unser &#8220;Justizminister&#8221; das grundgesetzlich geschützte kunstreligiöse Recht auf eine ästhetisch autonome Entwicklung der <em>&#8216;polis&#8217;</em> durch die totalexistierende Individualität suspendiert. An einer Ersatzlösung im Web wird gearbeitet. 1)</p>
<p><strong>Impulsfragmente (3):</strong><br />
(25/02/18) Komm auch Du zu uns! (IV) (mit einem Video über den Kinderraub durch das BRD-Regime) <a href="https://orexis.io/gaia-essen/komm-auch-du-zu-uns-iv-mit-einem-video-uber-den-kinderraub-durch-das-brd-regime/">&gt;&gt;</a><br />
(29/02/16) Was hat das Recht für eine Aufgabe innerhalb des &#8216;Ganzen&#8217; einer <em>polis?</em> <a href="https://gaia-essen.de/was-hat-das-recht-fuer-eine-aufgabe-innerhalb-des-ganzen-einer-polis/">&gt;&gt;</a><br />
(20/01/16) &#8216;Rat der Volksbeauftragten&#8217; <a href="https://gaia-essen.de/rat-der-volksbeauftragten/">&gt;&gt;</a><br />
____________________<br />
1) Folgende Änderungen wurden am 18/02/20 durchgeführt: (a) dem Wort &#8220;Entwicklung&#8221; wurde &#8220;ästhetisch autonom&#8221; hinzugefügt und hinter dem Wort &#8220;polis&#8221; der Teilsatz &#8220;durch die totalexistierende Individualität&#8221;.</p>

<p>Inhaltsangabe: (1) &#8216;areopag&#8217;, (2) Kurzeinführung, (3) Links zu weiterführeden &#8216;Impulsfragmenten&#8217;. (14/06/18) (1) &#8216;areopag&#8217;: Um der &#8216;verfassungsgebenden Versammlung&#8217; auch einen Namen&#8230;</p>
