{"id":268,"date":"2013-02-11T22:09:44","date_gmt":"2013-02-11T22:09:44","guid":{"rendered":"http:\/\/gaia-essen.de\/?page_id=268"},"modified":"2020-02-27T13:00:26","modified_gmt":"2020-02-27T13:00:26","slug":"gaia-seminar","status":"publish","type":"page","link":"https:\/\/orexis.io\/gaia-essen\/gaia-seminar\/","title":{"rendered":"Paideia"},"content":{"rendered":"<div id=\"attachment_3106\" style=\"width: 310px\" class=\"wp-caption alignleft\"><a href=\"https:\/\/gaia-essen.de\/wp-content\/uploads\/2013\/02\/P1030176.jpg\"><img loading=\"lazy\" decoding=\"async\" aria-describedby=\"caption-attachment-3106\" class=\"wp-image-3106 size-medium\" title=\"P1030176\" src=\"https:\/\/gaia-essen.de\/wp-content\/uploads\/2013\/02\/P1030176-300x225.jpg\" alt=\"\" width=\"300\" height=\"225\" border=\"0\" srcset=\"https:\/\/orexis.io\/gaia-essen\/wp-content\/uploads\/2013\/02\/P1030176-300x225.jpg 300w, https:\/\/orexis.io\/gaia-essen\/wp-content\/uploads\/2013\/02\/P1030176-768x576.jpg 768w, https:\/\/orexis.io\/gaia-essen\/wp-content\/uploads\/2013\/02\/P1030176-1024x768.jpg 1024w\" sizes=\"auto, (max-width: 300px) 100vw, 300px\" \/><\/a><p id=\"caption-attachment-3106\" class=\"wp-caption-text\">HAIKU: Farbiges Mondlicht | Paideia-Sonne, Du, Mitte | Treue der Erde! (03\/04\/17)<\/p><\/div>\n<p style=\"text-align: left;\">(16\/12\/18, aktuell) Das &#8216;Entwicklungsziel&#8217; der &#8216;<em>paideia&#8217;<\/em> ist die &#8216;arete&#8217;, die der Mensch nur als vollwertige B\u00fcrger-in des transzendentalen Goethevolkes einst erreichen kann, das mithilfe der &#8216;Goetheanistischen Plattform&#8217; eine &#8216;attische <em>&#8216;polis&#8217;<\/em> im Machtbereich des &#8216;BRD-Regimes&#8217; gegr\u00fcndet hat. Die hierf\u00fcr erforderliche \u00e4sthetisch autonome Selbstbildung, die f\u00fcr die &#8216;moralische Evolution&#8217; Grundvoraussetzung ist, kann \u00fcber die <em>electronic papers<\/em> auf der Website <a href=\"https:\/\/www.erkenntniskunst.de\">Erkenntniskunst <\/a>unterst\u00fctzt werden. Die kunstreligi\u00f6se Verkn\u00fcpfung von <em>Platon<\/em> und <em>Aristoteles<\/em> durch die akashagest\u00fctzte Individualit\u00e4t oder &#8220;Sonne und Erde&#8221; f\u00fchren zu dem &#8216;<em>Goethe&#8217;,<\/em> zu der <em>&#8216;Goethea&#8217;<\/em> die sich im etablierten Stadtstaat lebendig als anmutige Politen und in der orexis als tugendhafte morphai zeigen. Diese kunstrevolution\u00e4ren Umst\u00fclpungen des Symbols aus der Imagination hinaus in die Vorh\u00f6lle des <em>Pluto<\/em> wird in der Mythologie von &#8220;Sonne und Erde&#8221; auch als &#8216;Armageddon&#8217; bezeichnet, da sie die Aufgabe hat die Sinnlichkeit so in einer Endzeitschlacht neu zu verteilen, da\u00df die 6. Kulturepoche einst in matrixfreien Zonen ihre Br\u00fcckenk\u00f6pfe einrichten kann. Doch bis dahin werden noch \u00c4onen vergehen. Die 5. Kulturepoche ist noch nicht einmal versiegelt. Erst der Evolutionssprung zur n\u00e4chsten steht jetzt an. Paideia erscheint in der Rotgardist-in, die Ares und Aphrodite vereint, um den Goethe, die Goethea zu geb\u00e4ren! Die reine Bewegung, das reine Streben! Nur mit dieser gelingt die Fahrt \u00fcber die Styx in das Reich der Wei\u00dfen Lilie! Ist sie die Verk\u00f6rperung der neuen Pandora nach Goethe? (20\/10\/17, \u00fcberarbeitet am 16\/12\/18), (wird fortgesetzt)<br \/>\n***<br \/>\n(22\/05\/14) Der Kampf zur Etablierung der Goetheanistischen Plattform hat begonnen. In gewohnter Weise kann das kulturrevolution\u00e4re Subjekt nun auch Informationen zur allgemeinen Goetheanistik abrufen, die erkenntniskritisch kunstgeschichtlich vorgefundenen moralischen Formen im Machtbereich des Pluto aufgreifen und im Sinne der G\u00f6ttin der Reinheit, der Hygieia, umgestalten. Die verwendeten Kategorien f\u00fcr das Entscheidungshandeln, f\u00fcr die erkenntnisgeleitete Tat, f\u00fcr die kunstreligi\u00f6se Pflicht, die sich in der Anwendung des Kategorischen Imperatives zeigt, werden demn\u00e4chst hier aufgelistet: (Link folgt).<br \/>\n***<br \/>\n(03\/04\/14) Unter der Kategorie <strong>didaskein<\/strong> mit einem unmittelbar davorgestellten Hash-Zeichen (#) kann die Adeptin, der Erkenntnissucher in Zukunft genaue Anweisungen aus der allgemeinen Goetheanistik abrufen, um den Weg nach Neu-Weimar (= Einheit in der Vielfalt) zu finden und freiwillig stringent zu gehen.<br \/>\n***<br \/>\n(11\/02\/13) Die parallel zum Aufbau der transzendentalen W\u00e4hlergruppe angebotenen goetheanistischen Sitzungen k\u00f6nnen hier eingesehen und gebucht werden: <a href=\"http:\/\/www.gaia-seminar.de\">www.gaia-seminar.de<\/a>. Diese Website ist vorr\u00fcbergehend wegen einer Umstrukturierung kurzfristig nicht erreichbar.<\/p>\n","protected":false},"excerpt":{"rendered":"<p>(16\/12\/18, aktuell) Das &#8216;Entwicklungsziel&#8217; der &#8216;paideia&#8217; ist die &#8216;arete&#8217;, die der Mensch nur als vollwertige B\u00fcrger-in des transzendentalen Goethevolkes einst&#8230;<\/p>\n","protected":false},"author":1,"featured_media":0,"parent":0,"menu_order":17,"comment_status":"closed","ping_status":"closed","template":"","meta":{"footnotes":""},"class_list":["post-268","page","type-page","status-publish","hentry"],"_links":{"self":[{"href":"https:\/\/orexis.io\/gaia-essen\/wp-json\/wp\/v2\/pages\/268","targetHints":{"allow":["GET"]}}],"collection":[{"href":"https:\/\/orexis.io\/gaia-essen\/wp-json\/wp\/v2\/pages"}],"about":[{"href":"https:\/\/orexis.io\/gaia-essen\/wp-json\/wp\/v2\/types\/page"}],"author":[{"embeddable":true,"href":"https:\/\/orexis.io\/gaia-essen\/wp-json\/wp\/v2\/users\/1"}],"replies":[{"embeddable":true,"href":"https:\/\/orexis.io\/gaia-essen\/wp-json\/wp\/v2\/comments?post=268"}],"version-history":[{"count":2,"href":"https:\/\/orexis.io\/gaia-essen\/wp-json\/wp\/v2\/pages\/268\/revisions"}],"predecessor-version":[{"id":17794,"href":"https:\/\/orexis.io\/gaia-essen\/wp-json\/wp\/v2\/pages\/268\/revisions\/17794"}],"wp:attachment":[{"href":"https:\/\/orexis.io\/gaia-essen\/wp-json\/wp\/v2\/media?parent=268"}],"curies":[{"name":"wp","href":"https:\/\/api.w.org\/{rel}","templated":true}]}}