{"id":1235,"date":"2026-02-11T19:23:09","date_gmt":"2026-02-11T19:23:09","guid":{"rendered":"https:\/\/orexis.io\/goethevolk\/?page_id=1235"},"modified":"2026-04-01T07:43:34","modified_gmt":"2026-04-01T07:43:34","slug":"kontakt","status":"publish","type":"page","link":"https:\/\/orexis.io\/goethevolk\/?page_id=1235","title":{"rendered":"Kontakt"},"content":{"rendered":"<p>(01\/04\/26) <em>Faust:<\/em> &#8220;Meine Performance-Kunst der Argonautik ist nach der Auslegung des Milit\u00e4r-Grundgesetzes durch das BRD-Regime nur allein ausf\u00fchrend erlaubt! Das gruppenhafte Auftreten ist also ohne Anmeldung einer Versammlung nicht m\u00f6glich! Um gemeinsam am R\u00fcttenscheider Stern aufzutreten, damit das immer existierende faustische Goethevolk auch sinnlich sichtbar wird, m\u00fcssen der b\u00fcrokratischen Ordnung halber bei mir Anmeldungen eingehen, die dann zum Anlass einer Anmeldung einer Versamlung ergeben! Welche Ausnahmen es noch gibt, m\u00f6glicherweise Spontan-Anmeldungen, das muss ich noch erfragen! Alle Ergebnisse meiner Rechersche werden hier ver\u00f6ffentlicht!&#8221; (wird fortgesetzt)<\/p>\n<p>(11\/02\/26) <em>Faust:<\/em> &#8220;Sobald die Seminare aufgelistet sind, k\u00f6nnen Sie uns unter der hier per SMS unter 0041-795807190 oder per E-Mail unter apo@soziale-plastik.bio zur Einleitung der Einschreibung kontaktieren!<\/p>\n<p>Dabei gilt folgendes zu beachten: Der erste Schritt ist der Eintritt in den Freundinnen-Kreis, damit Sie an den praktisch philosophischen Spazierg\u00e4ngen im Stadtteil R\u00fcttenscheid am R\u00fcttenscheider Stern in der Kommune der Stadt Essen teilnehmen k\u00f6nnen. Diese vorangehenden Einstimmungen in die Neue Mythologie &#8216;Sonne und Erde&#8217; k\u00f6nnen dann zu Ihrer Entscheidung f\u00fchren, ein ganzheitlicher Teil des faustischen Goethevolkes und damit auch der Karl-Philipp-Moritz Online-Universit\u00e4t zu werden!&#8221; (wird fortgesetzt)<\/p>\n<p>Henryk Dykier. Copyright (C). Alle Rechte ohne Ausnahmen vorbehalten!<\/p>\n<p><strong>\u00c4nderungen<\/strong><\/p>\n<p>_______________________<\/p>\n<p>*1) (11\/02\/26) Die Urheber-Zeile und der poetologische Sprecher der Reflexion wurde eingef\u00fcgt.<br \/>\n*2) (01\/04\/26) Die Phrase &#8216;unter der hier&#8217; vor der dem Satz-Fragment &#8216;per SMS&#8217; im ersten Abschnitt vom 11\/02\/26 wurde gestrichen und &#8216;per E-Mail&#8217; wurde vor die folgende E-Mail-Adresse gesetzt.<\/p>\n","protected":false},"excerpt":{"rendered":"<p>(01\/04\/26) Faust: &#8220;Meine Performance-Kunst der Argonautik ist nach der Auslegung des Milit\u00e4r-Grundgesetzes durch das BRD-Regime nur allein ausf\u00fchrend erlaubt! Das gruppenhafte Auftreten ist also ohne Anmeldung einer Versammlung nicht m\u00f6glich! Um gemeinsam am R\u00fcttenscheider Stern aufzutreten, damit das immer existierende &hellip; <a href=\"https:\/\/orexis.io\/goethevolk\/?page_id=1235\">Continue reading <span class=\"meta-nav\">&rarr;<\/span><\/a><\/p>\n","protected":false},"author":1,"featured_media":0,"parent":0,"menu_order":0,"comment_status":"closed","ping_status":"closed","template":"","meta":{"footnotes":""},"class_list":["post-1235","page","type-page","status-publish","hentry"],"_links":{"self":[{"href":"https:\/\/orexis.io\/goethevolk\/index.php?rest_route=\/wp\/v2\/pages\/1235","targetHints":{"allow":["GET"]}}],"collection":[{"href":"https:\/\/orexis.io\/goethevolk\/index.php?rest_route=\/wp\/v2\/pages"}],"about":[{"href":"https:\/\/orexis.io\/goethevolk\/index.php?rest_route=\/wp\/v2\/types\/page"}],"author":[{"embeddable":true,"href":"https:\/\/orexis.io\/goethevolk\/index.php?rest_route=\/wp\/v2\/users\/1"}],"replies":[{"embeddable":true,"href":"https:\/\/orexis.io\/goethevolk\/index.php?rest_route=%2Fwp%2Fv2%2Fcomments&post=1235"}],"version-history":[{"count":3,"href":"https:\/\/orexis.io\/goethevolk\/index.php?rest_route=\/wp\/v2\/pages\/1235\/revisions"}],"predecessor-version":[{"id":1287,"href":"https:\/\/orexis.io\/goethevolk\/index.php?rest_route=\/wp\/v2\/pages\/1235\/revisions\/1287"}],"wp:attachment":[{"href":"https:\/\/orexis.io\/goethevolk\/index.php?rest_route=%2Fwp%2Fv2%2Fmedia&parent=1235"}],"curies":[{"name":"wp","href":"https:\/\/api.w.org\/{rel}","templated":true}]}}